6 = -h - i. What is the remainder when 2 is divided by h?
0
Suppose -19 = 3*v + 5*c, -4*c - 12 = -4. What is the remainder when (2/v)/(10/(-555)) is divided by 10?
7
Let j be 6/3 + 0/(-1). What is the remainder when j/(-5) + 434/10 is divided by 15?
13
Suppose -3*c - 40 = 2*z + 18, 0 = -2*z + 3*c - 58. Let k = 0 - -43. Let w = k + z. Calculate the remainder when 41 is divided by w.
13
Suppose -4*i + 2*o = -2*o - 232, i - 2*o - 55 = 0. Let v(m) = -m**2 - 16*m - 27. What is the remainder when i is divided by v(-12)?
19
Let x = -57 - -69. Calculate the remainder when 45 is divided by x.
9
Suppose 0 = -4*g + 2*g. What is the remainder when (-55 + g)*(-1 + 0) is divided by 19?
17
Suppose 5*h = -3*u + h - 62, 0 = 4*u - 4*h + 36. Let i = u - -38. What is the remainder when 47 is divided by i?
23
Suppose -9*b = 2*b - 143. Calculate the remainder when b is divided by 8.
5
Let u(r) = 3*r**2 + r + 1. Let t be u(-1). Suppose m + 32 = t*m. What is the remainder when 61 is divided by m?
13
Suppose 9*f - 4*f - 10 = 0. Suppose -j + 5 = 11. What is the remainder when f/j - 604/(-12) is divided by 17?
16
Suppose 0 = -5*t - 0*t + 10, 4*m = t + 26. Calculate the remainder when 13 is divided by m.
6
Let f = -32 - -60. Calculate the remainder when 139 is divided by f.
27
Let m(j) = -j**2 - 10*j - 8. Let o = 1 - 7. What is the remainder when m(o) is divided by 3/(2/(-12)*-2)?
7
Let y(l) be the third derivative of -l**4/3 - 5*l**3/6 + 2*l**2. What is the remainder when y(-6) is divided by (-8)/(-12)*225/10?
13
Suppose 0 = -2*h + 2*v - 0*v + 88, 2*h + 4*v - 58 = 0. Calculate the remainder when h is divided by 10.
9
Let c be ((-90)/4)/(11/(-44)). Suppose h + c = 6*h. What is the remainder when 34 is divided by h?
16
Suppose c = -0*c + 1. Let u(a) = 17*a. Calculate the remainder when 32 + 2 + (-3)/3 is divided by u(c).
16
Let m be 6/27 + (-4)/18. Suppose 1 = b - m*b, 2*g - 4*b - 2 = 0. What is the remainder when 8 is divided by g?
2
Suppose -u + 2*k - 3 = -2*u, -5*u = -2*k - 51. Let r(i) = -3*i**3 + i**2 + i + 1. Calculate the remainder when u is divided by r(-1).
1
Let f(n) = 12*n + 5. Let y be f(-5). Let h be 10/y - 84/22. Let l = 11 - h. Calculate the remainder when l is divided by 8.
7
Calculate the remainder when 11 is divided by (-2 + 6)/1 - -3.
4
Suppose -6 = -10*r + 7*r. What is the remainder when 50 is divided by -1*((-32)/r - -3)?
11
Suppose 3*i + 4 + 8 = 0. What is the remainder when 57 is divided by (-1)/i - 94/(-8)?
9
Calculate the remainder when 6/(-14) - 185/(-7) is divided by 10.
6
Suppose 0*f = -4*f + 12. Suppose -f*j + j - 4*i + 146 = 0, -5*j + 421 = -4*i. What is the remainder when j is divided by 28?
25
Let v(k) = -4*k + 8. Let f be v(-8). Let h = 74 - f. Calculate the remainder when h is divided by 9.
7
Suppose 0 = 4*t + 5*m - 64, 0 = -3*t - 4*m + 48. Suppose 3*y - 153 = 30. Calculate the remainder when y is divided by t.
13
Suppose 2*q - 26 = -4*l, -l + 0*q = -5*q + 21. Suppose -b + 5*c + 21 = 0, 4*b - 2*c - 2 = -8. What is the remainder when l is divided by 8/3 + b/6?
0
Suppose 0 = 4*z + 12, 3*v = z + 16 + 38. Calculate the remainder when 31 is divided by v.
14
Suppose 2*i - 4*i = -12. Calculate the remainder when i is divided by 3.
0
What is the remainder when (13 + -12)/(2/38) is divided by 5?
4
Let j = 43 - 15. Suppose -3*q + j = -q. Calculate the remainder when 10/((-13)/(-4) - 3) is divided by q.
12
Let l(r) = 2*r**3 - 6*r**2 - 6*r + 10. Calculate the remainder when 160 is divided by l(4).
16
Let z(t) = 2*t + 6. Let h be z(7). Suppose 0*m + h = 4*m. Suppose -91 = -7*q + 7. What is the remainder when q is divided by m?
4
Let p = 5 - 0. What is the remainder when 8 is divided by p?
3
Let o(m) = -10*m - 13. Calculate the remainder when o(-5) is divided by 10.
7
Let r(w) = -w**2 - 8*w + 3. Let x be r(-8). Let f be 2/6 + 35/x. What is the remainder when 10 is divided by (8/(-12))/((-2)/f)?
2
Let o be (2 - 6)/((-1)/(-2)). Let d(m) = -8*m + 2. Let p be d(-3). Let y = p - o. Calculate the remainder when y is divided by 18.
16
Suppose 2*k - 34 = 4. Calculate the remainder when k is divided by 11.
8
Let n = 76 - 33. Calculate the remainder when n is divided by 17.
9
Suppose -3*t - v + 12 = 0, -t - 2*v + 17 = -6*v. Let p(x) = 2*x - 5. What is the remainder when t is divided by p(4)?
2
Let n be (2 - 1*-2) + 0. Let z = 38 + -23. Let c = z - n. Calculate the remainder when 21 is divided by c.
10
Calculate the remainder when 76 is divided by (-6)/(3/(-18)*-9) + 24.
16
Suppose 5*s = 6*s - 22. Calculate the remainder when s is divided by 8.
6
Let b = 16 + -11. Suppose -5*v - 3*y + 13 = -4*y, v = 4*y - 5. Suppose v*u - 2 = 4. Calculate the remainder when b is divided by u.
1
Let z be (-20)/(-50) + (-28)/(-5). Let x(y) = -y**2 + 7*y + 6. Calculate the remainder when 22 is divided by x(z).
10
Let m(r) = 9*r - 7. Let y be (-33)/(-7) - (-4)/14. Calculate the remainder when m(y) is divided by 20.
18
Let c be (-8)/2*(3 + -6). Suppose c - 50 = -2*g. Calculate the remainder when g is divided by 5.
4
Let s(v) = 2 - 3 + v**2 - v + 1 + 4. Let a be s(3). Calculate the remainder when 39 is divided by 103/5 + (-6)/a.
19
Suppose 5*q - 4*j - 278 = 0, 0 = -3*q + j - 2*j + 177. Suppose -2*d + 12 + 25 = 3*b, -d + 18 = 2*b. What is the remainder when q is divided by d?
18
Suppose 66 = -0*j + 4*j - 3*o, 5*j - 4*o = 83. What is the remainder when j is divided by 9?
6
Suppose 17 = 9*u - 10. What is the remainder when 4 is divided by u?
1
Let y = 11 + -11. Suppose y*s = -s + 22. Calculate the remainder when 64 is divided by s.
20
Let n = -1 + 9. What is the remainder when 14 is divided by n?
6
What is the remainder when 34 is divided by 4*(7/2 + 1)?
16
Let t(a) = a - 5. Let z = 21 + -12. Let k be t(z). Suppose -2 = 2*i - 4, -4*q - k*i + 124 = 0. Calculate the remainder when q is divided by 11.
8
Suppose 6*v - 79 - 11 = 0. Calculate the remainder when 28 is divided by v.
13
Suppose 4*x + 3*g = -0*g + 80, 4*g - 60 = -3*x. Calculate the remainder when x is divided by 11.
9
Let b be (2224/(-20))/(1/(-5)). Suppose 4*g + b = 3*u, -3*u - g + 551 = -0*u. Suppose 3*p + p = u. What is the remainder when p is divided by 16?
14
Suppose -j + 3*z = -0 - 22, 3*z + 9 = 0. What is the remainder when 23 is divided by j?
10
Let k(t) = -2*t**3 - 2*t**2 - 3*t. Calculate the remainder when k(-4) is divided by 37.
34
Let j(i) = i**2 + 4*i + 3. Calculate the remainder when 8 is divided by j(-4).
2
What is the remainder when 1*(-1 - -2) - -66 is divided by 2 - (-1 - 60/3)?
21
Let p = -25 + 56. What is the remainder when 88 is divided by p?
26
Let a = -11 + 1. Let g = 14 - 4. What is the remainder when 147/5 - (-4)/a is divided by g?
9
Let y(l) = 8*l - 21. What is the remainder when y(8) is divided by 5?
3
Let v = -34 - -36. What is the remainder when 4 is divided by v?
0
Let c(x) = -5*x - 1. What is the remainder when 24 + (0 - -5) + -4 is divided by c(-3)?
11
Suppose -2*a = -v - 88, -65 = -3*a + 4*v + 77. What is the remainder when a is divided by 16?
10
Calculate the remainder when 10 is divided by 210/24 - 4 - 1/(-4).
0
Suppose -v - l = -19, -5*v + 4*l + 48 = -38. Calculate the remainder when 69 is divided by v.
15
Suppose 4*j + 4*h = 48, 0*j + 2*j - 2*h - 28 = 0. What is the remainder when 51 is divided by j?
12
Let t(o) = -13*o**3 - 3*o**2 - 2*o - 4. Calculate the remainder when t(-2) is divided by 19.
16
Let y(f) = -f**3 + 8*f**2 + 4*f + 1. Let o be (-2)/((-1)/(0 + 4)). What is the remainder when y(o) is divided by 18?
15
Let q = -11 - -23. Suppose 2*a + 29 = 5*b, 4*b - 3*a = 3*b + 11. Suppose 2*x + 105 = b*x. Calculate the remainder when x is divided by q.
11
Suppose -z + 2*q = -83, 9*z = 4*z - 3*q + 415. What is the remainder when z is divided by 17?
15
Suppose -4*r - 2*b + 39 + 23 = 0, -b = -3*r + 49. Let y = 9 + -15. What is the remainder when (-184)/6*y/4 is divided by r?
14
Let m = -4 - -4. Suppose m*s - s = -2. Suppose -s*d + k = -36, -5*d + 3*k = 2*k - 84. What is the remainder when d is divided by 9?
7
Let i(c) = c**3 - 3*c**2 - 4. Calculate the remainder when 29 is divided by i(4).
5
Suppose -36 = -4*o - 4*u, 2*u + 31 = -o + 6*o. Suppose -o*g - 60 = -12*g. Calculate the remainder when 46 is divided by g.
10
Calculate the remainder when 284/18 + (-14)/(-63) is divided by 9.
7
Suppose 0 = 